ate the remainder when 27825 is divided by 3031.
546
What is the remainder when 15096 is divided by 794?
10
Calculate the remainder when 1696 is divided by 242.
2
What is the remainder when 10536 is divided by 9?
6
What is the remainder when 9594 is divided by 330?
24
Calculate the remainder when 235783 is divided by 26196.
19
Calculate the remainder when 9944 is divided by 719.
597
What is the remainder when 11795 is divided by 3929?
8
What is the remainder when 78104 is divided by 2297?
6
What is the remainder when 9773 is divided by 135?
53
What is the remainder when 4557 is divided by 120?
117
Calculate the remainder when 1793 is divided by 20.
13
What is the remainder when 24172 is divided by 314?
308
Calculate the remainder when 150647 is divided by 2844.
2759
Calculate the remainder when 82483 is divided by 42.
37
Calculate the remainder when 18963 is divided by 592.
19
Calculate the remainder when 1362755 is divided by 10902.
5
Calculate the remainder when 131051 is divided by 163.
162
What is the remainder when 35373 is divided by 35372?
1
What is the remainder when 486 is divided by 247?
239
What is the remainder when 305729 is divided by 158?
157
What is the remainder when 90784 is divided by 322?
302
What is the remainder when 6549 is divided by 84?
81
What is the remainder when 10461 is divided by 22?
11
Calculate the remainder when 432717 is divided by 20.
17
Calculate the remainder when 2093830 is divided by 156.
154
Calculate the remainder when 38006 is divided by 34.
28
What is the remainder when 28215 is divided by 252?
243
What is the remainder when 144335 is divided by 55?
15
What is the remainder when 10345 is divided by 123?
13
What is the remainder when 714 is divided by 119?
0
What is the remainder when 6470 is divided by 809?
807
Calculate the remainder when 1943 is divided by 12.
11
Calculate the remainder when 83116 is divided by 734.
174
Calculate the remainder when 42953 is divided by 8590.
3
What is the remainder when 1589718 is divided by 440?
438
Calculate the remainder when 8491 is divided by 22.
21
What is the remainder when 1015076 is divided by 165?
161
What is the remainder when 1131 is divided by 9?
6
What is the remainder when 13620 is divided by 6799?
22
What is the remainder when 3989 is divided by 63?
20
Calculate the remainder when 2189 is divided by 16.
13
What is the remainder when 1513302 is divided by 7172?
10
What is the remainder when 53105 is divided by 288?
113
Calculate the remainder when 125831 is divided by 83.
3
What is the remainder when 22985 is divided by 11487?
11
Calculate the remainder when 17724 is divided by 413.
378
Calculate the remainder when 30657 is divided by 210.
207
Calculate the remainder when 7805 is divided by 3900.
5
What is the remainder when 6334 is divided by 330?
64
What is the remainder when 17178 is divided by 17042?
136
What is the remainder when 7462 is divided by 260?
182
Calculate the remainder when 32396 is divided by 225.
221
What is the remainder when 47919 is divided by 7970?
99
Calculate the remainder when 46640 is divided by 28.
20
What is the remainder when 4280 is divided by 3894?
386
What is the remainder when 79535 is divided by 6627?
11
Calculate the remainder when 30682 is divided by 2045.
7
Calculate the remainder when 5819 is divided by 215.
14
Calculate the remainder when 25494 is divided by 78.
66
Calculate the remainder when 42915 is divided by 171.
165
What is the remainder when 53064 is divided by 843?
798
Calculate the remainder when 20197 is divided by 74.
69
What is the remainder when 798602 is divided by 440?
2
What is the remainder when 13694 is divided by 9?
5
Calculate the remainder when 1931625 is divided by 71.
70
What is the remainder when 111992 is divided by 27996?
8
Calculate the remainder when 410319 is divided by 90.
9
Calculate the remainder when 1300 is divided by 643.
14
What is the remainder when 46712 is divided by 87?
80
What is the remainder when 4637 is divided by 67?
14
Calculate the remainder when 11810 is divided by 3922.
44
What is the remainder when 94788 is divided by 301?
274
Calculate the remainder when 181497 is divided by 550.
547
Calculate the remainder when 12712 is divided by 13.
11
What is the remainder when 47 is divided by 20?
7
What is the remainder when 1690 is divided by 111?
25
What is the remainder when 830 is divided by 367?
96
Calculate the remainder when 225746 is divided by 75247.
5
What is the remainder when 106490 is divided by 3132?
2
Calculate the remainder when 424 is divided by 145.
134
What is the remainder when 12754 is divided by 311?
3
Calculate the remainder when 240293 is divided by 47.
29
Calculate the remainder when 242 is divided by 120.
2
Calculate the remainder when 2342 is divided by 325.
67
Calculate the remainder when 7246 is divided by 447.
94
Calculate the remainder when 263867 is divided by 66.
65
What is the remainder when 13596 is divided by 1699?
4
What is the remainder when 16149 is divided by 5376?
21
Calculate the remainder when 55362 is divided by 72.
66
Calculate the remainder when 38891 is divided by 251.
237
What is the remainder when 4034 is divided by 311?
302
Calculate the remainder when 8414 is divided by 8385.
29
Calculate the remainder when 672618 is divided by 398.
396
Calculate the remainder when 40020 is divided by 3636.
24
What is the remainder when 93549 is divided by 139?
2
What is the remainder when 825 is divided by 27?
15
Calculate the remainder when 21620 is divided by 7.
4
What is the remainder when 1073 is divided by 1066?
7
What is the remainder when 3982 is divided by 910?
342
Calculate the remainder when 416972 is divided by 25.
22
What is the remainder when 74573 is divided by 316?
313
What is the remainder when 17359 is divided by 73?
58
Calculate the remainder when 1022 is divided by 983.
39
What is the remainder when 17926 is divided by 3?
1
What is the remainder when 48297 is divided by 24?
9
Calculate the remainder when 4611 is divided by 12.
3
Calculate the remainder when 910669 is divided by 1384.
1381
Calculate the remainder when 2125391 is divided by 45.
41
Calculate the remainder when 366 is divided by 26.
2
What is the remainder when 53870 is divided by 56?
54
Calculate the remainder when 19729 is divided by 23.
18
What is the remainder when 6059 is divided by 1208?
19
Calculate the remainder when 39263 is divided by 154.
147
Calculate the remainder when 700923 is divided by 233640.
3
What is the remainder when 30560 is divided by 15278?
4
What is the remainder when 454 is divided by 329?
125
What is the remainder when 7113 is divided by 695?
163
Calculate the remainder when 405162 is divided by 67526.
6
What is the remainder when 3242387 is divided by 114?
113
Calculate the remainder when 9943 is divided by 262.
249
What is the remainder when 1189 is divided by 559?
71
What is the remainder when 9256 is divided by 770?
16
What is the remainder when 55434 is divided by 3445?
314
What is the remainder when 173736 is divided by 87?
84
Calculate the remainder when 1163 is divided by 381.
20
Calculate the remainder when 109000 is divided by 23.
3
What is the remainder when 24494 is divided by 24488?
6
Calculate the remainder when 14532 is divided by 1188.
276
What is the remainder when 44044 is divided by 153?
133
Calculate the remainder when 16277 is divided by 602.
23
What is the remainder when 10872 is divided by 639?
9
What is the remainder when 672950 is divided by 56?
54
Calculate the remainder when 12943 is divided by 2124.
199
Calculate the remainder when 2216302 is divided by 36.
34
Calculate the remainder when 23071 is divided by 698.
37
Calculate the remainder when 828747 is divided by 1275.
1272
Calculate the remainder when 5890 is divided by 121.
82
What is the remainder when 227762 is divided by 1372?
10
What is the remainder when 2479 is divided by 309?
7
Calculate the remainder when 25880 is divided by 4311.
14
What is the remainder when 328257 is divided by 65647?
22
Calculate the remainder when 631 is divided by 333.
298
What is the remainder when 6617 is divided by 20?
17
What is the remainder when 21608 is divided by 618?
596
Calculate the remainder when 7627 is divided by 347.
340
Calculate the remainder whe